 248 a multiple of 2?
True
Does 8 divide 43?
False
Is 4 a factor of 903?
False
Does 138 divide 18315?
False
Is 11 a factor of 2593?
False
Is 31 a factor of 473?
False
Is 544 a multiple of 9?
False
Is 26 a factor of 1794?
True
Does 301 divide 5153?
False
Does 33 divide 2013?
True
Does 19 divide 1235?
True
Is 43 a factor of 10965?
True
Is 11128 a multiple of 26?
True
Is 21 a factor of 3573?
False
Is 27 a factor of 41802?
False
Does 69 divide 31377?
False
Is 4058 a multiple of 53?
False
Does 3 divide 17862?
True
Is 37 even?
False
Does 9 divide 1746?
True
Does 8 divide 2077?
False
Is 4 a factor of 703?
False
Does 199 divide 9950?
True
Does 15 divide 20505?
True
Does 25 divide 39422?
False
Is 9 a factor of 165?
False
Is 8016 a multiple of 48?
True
Is 4134 a multiple of 3?
True
Is 40 a factor of 560?
True
Is 23 a factor of 2377?
False
Is 11 a factor of 4147?
True
Does 7 divide 413?
True
Is 130 a factor of 4030?
True
Is 10 a factor of 30300?
True
Is 14 a factor of 1402?
False
Is 2970 a multiple of 135?
True
Is 31 a factor of 11232?
False
Does 51 divide 16743?
False
Is 16 a factor of 11264?
True
Does 14 divide 28882?
True
Is 135 a factor of 4146?
False
Is 1360 a multiple of 10?
True
Is 1713 a multiple of 20?
False
Is 53 a factor of 80136?
True
Is 210 a multiple of 21?
True
Is 38 a factor of 34846?
True
Is 51 a factor of 19785?
False
Is 6780 a multiple of 10?
True
Is 214 a multiple of 2?
True
Is 49 a multiple of 49?
True
Is 18 a factor of 5310?
True
Is 196 a multiple of 4?
True
Does 174 divide 53409?
False
Is 507 a multiple of 12?
False
Is 165 a factor of 40667?
False
Is 12 a factor of 448?
False
Does 29 divide 129601?
True
Does 19 divide 78185?
True
Does 35 divide 980?
True
Does 18 divide 132?
False
Is 15 a factor of 3060?
True
Is 8 a factor of 768?
True
Is 100372 a multiple of 10?
False
Is 27 a factor of 5157?
True
Is 3780 a multiple of 108?
True
Does 29 divide 1276?
True
Is 3 a factor of 575?
False
Is 65 a factor of 4932?
False
Is 18518 a multiple of 35?
False
Does 113 divide 8814?
True
Does 51 divide 1020?
True
Is 3 a factor of 873?
True
Is 357 a multiple of 51?
True
Is 2352 a multiple of 12?
True
Is 1800 a multiple of 40?
True
Is 10029 a multiple of 28?
False
Is 42 a factor of 1512?
True
Does 35 divide 2806?
False
Is 61 a factor of 2257?
True
Does 34 divide 6664?
True
Is 5 a factor of 1625?
True
Does 9 divide 383?
False
Is 24 a factor of 1800?
True
Is 224 a multiple of 28?
True
Does 84 divide 252?
True
Does 44 divide 8052?
True
Is 18 a factor of 3266?
False
Is 7456 a multiple of 139?
False
Does 70 divide 3825?
False
Is 24 a factor of 5398?
False
Is 3690 a multiple of 122?
False
Is 3295 a multiple of 43?
False
Is 74 a factor of 10656?
True
Does 44 divide 3573?
False
Does 38 divide 308?
False
Is 3 a factor of 837?
True
Is 2638 a multiple of 4?
False
Does 24 divide 6915?
False
Is 10 a factor of 170?
True
Does 8 divide 144?
True
Is 5 a factor of 490?
True
Is 36373 a multiple of 54?
False
Is 310 a multiple of 10?
True
Does 15 divide 120?
True
Is 468 a multiple of 18?
True
Is 4153 a multiple of 2?
False
Is 190 a factor of 33789?
False
Is 17 a factor of 668?
False
Is 5 a factor of 78?
False
Is 45384 a multiple of 61?
True
Is 12 a factor of 360?
True
Is 81814 a multiple of 84?
False
Is 6840 a multiple of 11?
False
Does 63 divide 7434?
True
Is 11 a factor of 437?
False
Is 5 a factor of 16898?
False
Is 17591 a multiple of 13?
False
Is 600 a multiple of 30?
True
Is 975 a multiple of 13?
True
Is 51 a factor of 7854?
True
Does 49 divide 931?
True
Is 3174 a multiple of 138?
True
Is 13 a factor of 1050?
False
Is 39 a factor of 15795?
True
Does 99 divide 4158?
True
Is 120 a multiple of 60?
True
Does 6 divide 3445?
False
Is 2268 a multiple of 14?
True
Is 477 even?
False
Is 8 a factor of 120?
True
Is 1035 a multiple of 9?
True
Is 1012 a multiple of 22?
True
Is 15 a factor of 437?
False
Does 7 divide 19816?
False
Does 17 divide 10508?
False
Does 40 divide 760?
True
Is 7510 a multiple of 12?
False
Is 11 a factor of 4578?
False
Is 11 a factor of 18660?
False
Is 2077 a multiple of 7?
False
Is 3 a factor of 89?
False
Is 3 a factor of 114?
True
Does 21 divide 977?
False
Does 3 divide 11283?
True
Is 1296 a multiple of 8?
True
Is 11 a factor of 44176?
True
Is 15 a factor of 1606?
False
Is 52 a factor of 1456?
True
Does 74 divide 44364?
False
Does 10 divide 1697?
False
Is 134 a factor of 4021?
False
Is 122 a factor of 1708?
True
Does 8 divide 9520?
True
Is 11 a factor of 1122?
True
Is 130 a multiple of 26?
True
Is 19 a factor of 6954?
True
Is 28 a factor of 1617?
False
Is 53 a factor of 795?
True
Is 28 a factor of 280?
True
Is 810 a multiple of 56?
False
Is 34 a factor of 951?
False
Is 1320 a multiple of 44?
True
Is 136 a multiple of 8?
True
Does 4 divide 2079?
False
Does 32 divide 160?
True
Is 14093 a multiple of 11?
False
Is 147 a multiple of 7?
True
Does 15 divide 150?
True
Is 36869 a multiple of 229?
True
Does 55 divide 20460?
True
Is 5 a factor of 473?
False
Does 12 divide 7224?
True
Does 112 divide 896?
True
Is 18 a factor of 5238?
True
Does 32 divide 938?
False
Is 733 a multiple of 4?
False
Does 13 divide 39213?
False
Is 13620 a multiple of 10?
True
Is 77 a factor of 11242?
True
Is 124 a factor of 8928?
True
Is 2954 a multiple of 24?
False
Is 43 a factor of 7568?
True
Is 7 a factor of 6848?
False
Does 10 divide 8877?
False
Does 24 divide 14383?
False
Does 145 divide 10018?
False
Is 10 a factor of 480?
True
Is 28983 a multiple of 7?
False
Is 5 a factor of 41?
False
Does 8 divide 1959?
False
Is 134 a factor of 5060?
False
Is 13 a factor of 215?
False
Is 15 a factor of 873?
False
Is 7 a factor of 16652?
False
Is 23 a factor of 624?
False
Is 5 a factor of 215?
True
Does 9 divide 2223?
True
Is 24 a factor of 2609?
False
Does 12 divide 264?
True
Is 69 a factor of 379?
False
Is 4160 a multiple of 40?
True
Does 53 divide 530?
True
Is 4 a factor of 340?
True
Is 17 a factor of 19672?
False
Is 16 a factor of 210?
False
Does 33 divide 4000?
False
Does 14 divide 1302?
True
Is 3 a factor of 174?
True
Does 14 divide 56?
True
Does 44 divide 14036?
True
Is 19 a factor of 4279?
False
Does 11 divide 1221?
True
Is 861 a multiple of 16?
False
Is 83 a factor of 7752?
False
Is 35 a factor of 15498?
False
Is 2 a factor of 357?
False
Is 12412 a multiple of 55?
False
Does 7 divide 21?
True
Is 459 a multiple of 9?
True
Is 377 a multiple of 13?
True
Is 172 a factor of 7220?
False
Is 55308 a multiple of 22?
True
Is 594 a multiple of 16?
False
Is 41 a factor of 246?
True
Does 68 divide 24684?
True
Does 53 divide 15105?
True
Is 58 a multiple of 3?
False
Is 89175 a multiple of 18?
False
Is 410 a multiple of 41?
True
Does 3 divide 359?
False
Does 17 divide 532?
False
Is 1587 a multiple of 80?
False
Is 1440 a multiple of 15?
True
Is 21 a factor of 5040?
True
Does 3 divide 1081?
False
Does 106 divide 9328?
True
Is 13487 a multiple of 19?
False
Does 58 divide 580?
True
Is 26 a factor of 2964?
True
Is 26 a factor of 448?
False
Is 1704 a multiple of 28?
False
Does 9 divide 3303?
True
Is 949 a multiple of 7?
False
Does 10 divide 9159?
False
Does 88 divide 1271?
False
Does 3 divide 205?
False
Is 68 a factor of 1813?
False
Does 29 divide 3209?
False
Does 7 divide 1059?
False
Does 18 divide 567?
False
Is 10 a factor of 4220?
True
Is 648 a multiple of 24?
True
Is 368 a multiple of 4?
True
Is 2 a factor of 621?
False
Does 61 divide 427?
True
Is 29 a factor of 29?
True
Is 8871 a multiple of 192?
False
Is 19 a factor of 9748?
False
Is 71 a factor of 5592?
False
Does 16 divide 21336?
False
Is 21 a factor of 3900?
False
Does 35 divide 2940?
True
Is 7 a factor of 504?
True
Is 620 a multiple of 20?
True
Is 7 a factor of 399?
True
Does 7 divide 553?
True
Is 33 a factor of 1431?
False
Is 50 a multiple of 2?
True
Is 37390 a multiple of 15?
False
Does 29 divide 667?
True
Does 26 divide 149?
False
Does 229 divide 21526?
True
Is 21 a factor of 365?
False
Is 8 a factor of 3736?
True
Does 14 divide 29414?
True
Is 41 a factor of 4182?
True
Is 23 a factor of 322?
True
Is 5 a factor of 2848?
False
Is 1585 a multiple of 11?
False
Is 42 a factor of 4001?
False
Is 4583 a multiple of 8?
False
Does 17 divide 1471?
False
Is 609 a multiple of 7?
True
Is 142 a factor of 6263?
False
Does 17 divide 15200?
False
Is 1090 a multiple o